 factors of 1904?
2, 7, 17
List the prime factors of 3647.
7, 521
What are the prime factors of 4466?
2, 7, 11, 29
List the prime factors of 641.
641
What are the prime factors of 10649?
23, 463
List the prime factors of 76309.
137, 557
List the prime factors of 1120.
2, 5, 7
What are the prime factors of 23626?
2, 11813
What are the prime factors of 1151?
1151
What are the prime factors of 5378?
2, 2689
What are the prime factors of 76?
2, 19
List the prime factors of 908.
2, 227
What are the prime factors of 365?
5, 73
What are the prime factors of 77809?
17, 23, 199
List the prime factors of 2895.
3, 5, 193
What are the prime factors of 39204?
2, 3, 11
List the prime factors of 820.
2, 5, 41
What are the prime factors of 767?
13, 59
List the prime factors of 26365.
5, 5273
List the prime factors of 995.
5, 199
What are the prime factors of 9?
3
List the prime factors of 4797.
3, 13, 41
What are the prime factors of 81204?
2, 3, 67, 101
What are the prime factors of 38581?
41, 941
What are the prime factors of 7312?
2, 457
List the prime factors of 67793.
11, 6163
List the prime factors of 1043.
7, 149
List the prime factors of 902.
2, 11, 41
What are the prime factors of 64870?
2, 5, 13, 499
List the prime factors of 10642.
2, 17, 313
List the prime factors of 1039.
1039
What are the prime factors of 24719?
19, 1301
What are the prime factors of 42783?
3, 13, 1097
What are the prime factors of 32889?
3, 19, 577
What are the prime factors of 5095?
5, 1019
List the prime factors of 994.
2, 7, 71
What are the prime factors of 44975?
5, 7, 257
List the prime factors of 20111.
7, 13, 17
List the prime factors of 13991.
17, 823
What are the prime factors of 2131?
2131
List the prime factors of 371.
7, 53
List the prime factors of 2849.
7, 11, 37
What are the prime factors of 28499?
28499
What are the prime factors of 58257?
3, 6473
What are the prime factors of 4010?
2, 5, 401
What are the prime factors of 9919?
7, 13, 109
What are the prime factors of 20533?
20533
What are the prime factors of 8772?
2, 3, 17, 43
What are the prime factors of 3558?
2, 3, 593
List the prime factors of 3259.
3259
What are the prime factors of 1271?
31, 41
What are the prime factors of 11538?
2, 3, 641
List the prime factors of 2665.
5, 13, 41
What are the prime factors of 11686?
2, 5843
List the prime factors of 960.
2, 3, 5
List the prime factors of 41802.
2, 3, 6967
What are the prime factors of 82106?
2, 61, 673
What are the prime factors of 13578?
2, 3, 31, 73
List the prime factors of 2339.
2339
What are the prime factors of 7016?
2, 877
List the prime factors of 2623.
43, 61
List the prime factors of 1858.
2, 929
What are the prime factors of 2061?
3, 229
List the prime factors of 4375.
5, 7
What are the prime factors of 7912?
2, 23, 43
List the prime factors of 14769.
3, 547
What are the prime factors of 265?
5, 53
List the prime factors of 12553.
12553
List the prime factors of 409.
409
List the prime factors of 2902.
2, 1451
What are the prime factors of 1051?
1051
List the prime factors of 2877.
3, 7, 137
What are the prime factors of 142549?
11, 12959
List the prime factors of 182.
2, 7, 13
List the prime factors of 1347.
3, 449
List the prime factors of 6006.
2, 3, 7, 11, 13
List the prime factors of 529.
23
List the prime factors of 552.
2, 3, 23
What are the prime factors of 27417?
3, 13, 19, 37
List the prime factors of 3273.
3, 1091
List the prime factors of 1686.
2, 3, 281
What are the prime factors of 3569?
43, 83
What are the prime factors of 910?
2, 5, 7, 13
List the prime factors of 73135.
5, 14627
What are the prime factors of 88210?
2, 5, 8821
List the prime factors of 28008.
2, 3, 389
What are the prime factors of 8501?
8501
What are the prime factors of 46794?
2, 3, 11, 709
List the prime factors of 9.
3
List the prime factors of 4917.
3, 11, 149
What are the prime factors of 45128?
2, 5641
List the prime factors of 24206.
2, 7, 13, 19
What are the prime factors of 62214?
2, 3, 10369
What are the prime factors of 9545?
5, 23, 83
List the prime factors of 85875.
3, 5, 229
List the prime factors of 11079.
3, 1231
List the prime factors of 122289.
3, 40763
List the prime factors of 26707.
17, 1571
List the prime factors of 376.
2, 47
What are the prime factors of 15179?
43, 353
List the prime factors of 39256.
2, 7, 701
What are the prime factors of 84206?
2, 71, 593
List the prime factors of 72649.
72649
What are the prime factors of 955?
5, 191
List the prime factors of 423.
3, 47
What are the prime factors of 3426?
2, 3, 571
List the prime factors of 17891.
17891
What are the prime factors of 842?
2, 421
List the prime factors of 1795.
5, 359
What are the prime factors of 13279?
7, 271
List the prime factors of 1907.
1907
What are the prime factors of 1338?
2, 3, 223
What are the prime factors of 109282?
2, 101, 541
List the prime factors of 50083.
11, 29, 157
What are the prime factors of 1060?
2, 5, 53
What are the prime factors of 197?
197
What are the prime factors of 50601?
3, 101, 167
What are the prime factors of 2045?
5, 409
List the prime factors of 1324.
2, 331
What are the prime factors of 2935?
5, 587
What are the prime factors of 103045?
5, 37, 557
List the prime factors of 6011.
6011
What are the prime factors of 3592?
2, 449
List the prime factors of 124842.
2, 3, 20807
List the prime factors of 1285.
5, 257
What are the prime factors of 980?
2, 5, 7
What are the prime factors of 3215?
5, 643
What are the prime factors of 2913?
3, 971
List the prime factors of 33401.
127, 263
List the prime factors of 1907.
1907
List the prime factors of 93659.
73, 1283
List the prime factors of 4937.
4937
What are the prime factors of 48?
2, 3
What are the prime factors of 3004?
2, 751
List the prime factors of 67042.
2, 33521
List the prime factors of 2403.
3, 89
List the prime factors of 813.
3, 271
List the prime factors of 7555.
5, 1511
List the prime factors of 6732.
2, 3, 11, 17
List the prime factors of 555.
3, 5, 37
List the prime factors of 740.
2, 5, 37
List the prime factors of 1834.
2, 7, 131
What are the prime factors of 12971?
7, 17, 109
What are the prime factors of 2666?
2, 31, 43
What are the prime factors of 18422?
2, 61, 151
List the prime factors of 1688.
2, 211
What are the prime factors of 214?
2, 107
What are the prime factors of 899?
29, 31
List the prime factors of 4603.
4603
List the prime factors of 8391.
3, 2797
What are the prime factors of 545?
5, 109
List the prime factors of 10015.
5, 2003
List the prime factors of 868.
2, 7, 31
List the prime factors of 1035.
3, 5, 23
List the prime factors of 79771.
241, 331
List the prime factors of 8620.
2, 5, 431
What are the prime factors of 168636?
2, 3, 13, 23, 47
What are the prime factors of 43970?
2, 5, 4397
List the prime factors of 11415.
3, 5, 761
What are the prime factors of 16882?
2, 23, 367
List the prime factors of 5829.
3, 29, 67
List the prime factors of 56828.
2, 14207
What are the prime factors of 30866?
2, 11, 23, 61
List the prime factors of 115.
5, 23
What are the prime factors of 574?
2, 7, 41
What are the prime factors of 19031?
19031
List the prime factors of 1209.
3, 13, 31
What are the prime factors of 3364?
2, 29
What are the prime factors of 2977?
13, 229
List the prime factors of 3540.
2, 3, 5, 59
List the prime factors of 251.
251
What are the prime factors of 1049?
1049
List the prime factors of 4073.
4073
What are the prime factors of 35140?
2, 5, 7, 251
List the prime factors of 5426.
2, 2713
List the prime factors of 2250.
2, 3, 5
What are the prime factors of 366?
2, 3, 61
What are the prime factors of 106920?
2, 3, 5, 11
What are the prime factors of 2869?
19, 151
What are the prime factors of 13539?
3, 4513
List the prime factors of 10894.
2, 13, 419
What are the prime factors of 15170?
2, 5, 37, 41
What are the prime factors of 3828?
2, 3, 11, 29
What are the prime factors of 97?
97
List the prime factors of 92989.
13, 23, 311
List the prime factors of 3050.
2, 5, 61
What are the prime factors of 45799?
13, 271
List the prime factors of 4673.
4673
What are the prime factors of 1640?
2, 5, 41
List the prime factors of 133.
7, 19
List the prime factors of 9735.
3, 5, 11, 59
List the prime factors of 22.
2, 11
List the prime factors